a).
10
Let l be 20/8*16/(-20). Let p(w) = w**2 + 3*w + 1. What is p(l)?
-1
Let w(d) = -d**2 + 6*d - 3. Let t = -39 + 45. Calculate w(t).
-3
Let a = 52 - 44. Let y(s) = -4*s**2 + a*s + 3*s**3 - 3*s + 0*s**3 + 5 - 4*s**3. Determine y(-4).
-15
Let w(v) = -4*v + 13. Let i be w(3). Let d(c) = -8*c**2 + i + 1 + 7*c - 3 - 9*c. What is d(-1)?
-7
Let d(p) = -p**3 + 6*p**2 - 5*p + 1. Let u = 0 + 3. Let w be 7 + -8 + 0 + 3. Suppose -3*r = w*c - 14, 4*r - 26 = -u*c - 6. Give d(c).
13
Let m = 1757 + -1753. Let c(b) = -2*b**2 + 7*b - 4. Determine c(m).
-8
Let j be (150/40)/((-1)/(-4)). Let d be 65/j - 2/6. Let q(o) = 2*o - 2 + 2 + d. Calculate q(-6).
-8
Let k be 12/48 - (-22)/8. Let c(t) = -1 - 2*t - 2 + 3*t**k - 2*t**2 - 2*t**2 - 4*t**3. Calculate c(-3).
-6
Suppose -9*w + 12 = -6*w. Let b(r) = -5*r + w - 1 - 2. Calculate b(-1).
6
Let j(c) be the second derivative of c**5/60 + c**4/3 - c**3/3 + 13*c**2 - 49*c. Let f(y) be the first derivative of j(y). Give f(-9).
7
Let u(v) = -v**3 - 3*v**2 + v - 1. Let n be -3 + -2 + -1 + 7. Suppose -w + 4*m = -15 + n, m = -2*w - 8. What is u(w)?
-7
Let f be 198/11 + -11 - 1*13. Let m(u) = u**2. Let g(l) = 4 - 3*l**2 - 5*l + 0 + 2. Let j(t) = g(t) + 2*m(t). Calculate j(f).
0
Let j = 25 - -35. Suppose 5*g + 0*g - j = 0. Let s = -10 + g. Let m(c) = -c**3 + 4*c**2 - 4*c + 3. Determine m(s).
3
Let i(o) = -o**2 + 10*o + 16. Let g be (120/75)/(2*(-2)/(-30)). Calculate i(g).
-8
Let s = 432 + -443. Let z(m) = -m**3 - 10*m**2 + 11*m - 11. What is z(s)?
-11
Suppose 4*x - 2*a + 0*a = -10, 5*x = -4*a - 6. Let c(t) = -6*t + 1244 + 3*t + 1241 - 2488. What is c(x)?
3
Suppose 0 = -6*u + 32 + 22. Let o be (1/4)/(u/108). Let r(q) = q**2 - 3. What is r(o)?
6
Let t = -681 + 680. Let m(l) = 12*l + 1. Determine m(t).
-11
Let i(l) = l**3 - 6*l**2 + 6*l + 1. Suppose 35 = 7*c - 3*c + 3*j, -4*c - j = -25. Calculate i(c).
6
Let n(j) = j + 2. Let s = -72 - -83. Give n(s).
13
Let g(v) = 16 - 4*v**2 - 15 + 6*v + 0*v**2 - 5*v**2. Let u(j) = 5*j**2 - 3*j - 1. Let a(f) = -4*g(f) - 7*u(f). Give a(2).
1
Suppose -3*t = 3*v - 18, -2*v - 16 = 2*v. Let r = 13 - t. Suppose r*a + 4*h + 4 = a, 2*h = -3*a - 2. Let d(i) = i + 7. What is d(a)?
7
Let c(l) be the second derivative of 18*l + 0 + 1/3*l**3 - 9/2*l**2. Calculate c(6).
3
Suppose 7 = -3*l + u, l = -3*u - 12 - 7. Let p(b) = b - 8. Give p(l).
-12
Let c(t) = -t**2 + 5*t - 3. Let m = -35 + 50. Suppose -m = -3*a + 3. Calculate c(a).
-9
Let q(f) = 3 - 98*f + 214*f + 2*f**2 - 116*f + f**3. Suppose -3*x + 9 = -4*c, -4*c - 10 + 0 = -2*x. Give q(c).
-6
Let t(g) = -362*g + 193*g + 178*g - 1. What is t(2)?
17
Let n(w) be the second derivative of w**3/2 + 3*w - 18. What is n(1)?
3
Let r(o) be the first derivative of o**3/3 - 2*o**2 - 4. Let d(k) = k**2 - 4*k + 8. Let h be d(2). Determine r(h).
0
Let w(n) be the second derivative of n**4/12 + n**3 - 18*n. Suppose 6*r - 4*a = 3*r - 15, 5*r = -2*a - 25. Determine w(r).
-5
Let a(p) = 11*p**3 - 4*p**2 - 3. Let d(j) = -14*j**3 + 4*j**2 + 3. Let o(i) = -5*a(i) - 4*d(i). Determine o(-2).
11
Let r(g) = -g**3 - 45*g**2 + 95*g + 63. Let x be r(-47). Let a(w) = -w**3 + 17*w**2 - 18*w + 17. What is a(x)?
-15
Let r(m) be the second derivative of -m**5/20 - m**4/12 - m**3/6 - m. Let d(i) = i**2 - 14*i - 22. Let y be d(16). Let t = y + -12. Give r(t).
6
Suppose 4 = 4*k + 100. Let z = k + 25. Let h(l) = 5*l + 1. Calculate h(z).
6
Let h(q) = -q**3 - 5*q**2 + 2*q. Let a be 6/3*(2 + 1). Let p(m) = m**3 - 5*m**2 - 7*m. Let z be p(a). Calculate h(z).
24
Let t(i) = -5*i**2 + 15*i - 6. Let j(x) = -x**2 + 2*x - 1. Let d(u) = -6*j(u) + t(u). Let f(s) = -2*s**2 - 4*s. Let k be f(-3). What is d(k)?
18
Let x(c) = -11*c + 1. Suppose -3 = k - 12. Let q(p) = p - 11. Let i be q(k). Let n be (i*(-3)/6)/(-1). Give x(n).
12
Let a(c) = 9*c**3 - 1. Suppose 0 = 5*n + 5, b + b = 4*n + 14. Suppose -7 = -2*h - b. What is a(h)?
8
Let g = -460 + 467. Let a(r) = -r**3 + 8*r**2 - 4*r - 6. Calculate a(g).
15
Let t(a) = a**3 + 8*a**2 - a - 10. Suppose -5*q - 3*x = 135, 4*x + 26 = -q - 1. Let m(o) = -21*o - 65. Let g be m(-4). Let l = q + g. Calculate t(l).
-2
Let u(m) be the first derivative of -m**3/3 + 7*m**2/2 + 4*m + 2. Suppose -10*l + 210 = 25*l. Give u(l).
10
Suppose -w + 4*i = -0*i - 13, w + 14 = -5*i. Let l(z) = -19*z. Calculate l(w).
-19
Let o(n) = -n**2 + 3*n - 8. Suppose -15 = -4*r + t, 2*r - 7*r + 3*t = -10. Let v(j) = j**2 - 3*j + 9. Let k(g) = r*v(g) + 6*o(g). Determine k(4).
-7
Let v(t) = t - 7. Suppose -1520*i = -1518*i + 50. Let n(m) = -m**3 - 5*m**2 + m - 5. Let j be n(-4). Let s = i - j. Determine v(s).
-7
Let b(y) = y**2 + 4*y + 1. Suppose 0 = -18*w + 15*w + 12. Suppose 3*a - 6*n + n + 20 = 0, 4*a - w*n + 24 = 0. Calculate b(a).
6
Let q(i) = 2*i**2 + 5*i - 3. Let b(f) = f**2 - f + 1. Let r = 70 - 39. Let k = r + -34. Let s(l) = k*b(l) + q(l). Give s(7).
1
Let p(n) be the second derivative of -n**3/6 - 34*n. Let x = 7 - 2. Suppose -4*u = 3*j - 24, -23 = -5*u + 3*j - x*j. Determine p(u).
-3
Let d = -11 + 6. Let x be 1/d - 203/35. Let p(t) = 7*t**2 + 13*t - 7. Let w(h) = 8*h**2 + 14*h - 8. Let a(b) = -7*p(b) + 6*w(b). What is a(x)?
7
Let m(j) = j + 12. Let c = 111 - 126. Give m(c).
-3
Let a(z) = z**2 - 21. Let k be a(4). Let q(c) = -c**3 - 4*c**2 + 5*c + 2. Determine q(k).
2
Let b(m) = -m**2 - 9*m - 3. Let o be b(-8). Suppose -o*t + 10 + 15 = 0. Suppose t*n + 7 = -3. Let u(c) = -c**3 - 4*c**2 - c - 1. Give u(n).
-7
Let v = -1813 + 1816. Let y(g) be the first derivative of -g + 1/3*g**v + 4*g**2 + 2. Calculate y(-6).
-13
Let l(g) be the first derivative of g**2/2 - 2042. Let j = 7 + -2. Calculate l(j).
5
Suppose 3*r - 405 + 381 = 0. Let w(z) be the first derivative of -r + 2*z**3 - 1/4*z**4 + 1/2*z**2 - 6*z. Calculate w(6).
0
Let a(f) = -f**2 - 12*f. Let g(v) = -v**2 - 11*v + 1. Let r(i) = -2*i**2 - 22*i + 2. Let x(c) = -5*g(c) + 3*r(c). Let d(u) = -5*a(u) + 6*x(u). Calculate d(-5).
11
Let k(z) be the first derivative of 7 + 1/2*z**2 + 2*z. Calculate k(7).
9
Let m(c) be the third derivative of -c**7/2520 - 7*c**6/720 + c**4/12 + 2*c**3 - 4*c**2 - 2*c. Let s(a) be the second derivative of m(a). Give s(-5).
10
Let a(j) = -j**2 - 5*j - 3. Suppose 16 = 4*s - 0. Suppose -5*o - 35 = -s*n, 3*o - 2*o = 3*n - 7. Determine a(o).
-17
Let x(s) be the first derivative of -s**3/3 - 3*s**2 + 7*s + 82. Give x(-7).
0
Let x(j) be the third derivative of -j**5/60 + j**4/3 - j**3/3 + 3*j**2. Let o = 178 - 171. Determine x(o).
5
Let l(k) = 337 + 338 - k + 337 - 1010. Give l(-3).
5
Let d(l) = 2 + l**2 + 48*l - 82*l + 41*l. Determine d(-6).
-4
Let f be (-5 - 105/(-25))/((-2)/5). Let w(r) = 1 + 1 - f*r**2 + 3*r + 4 - 2. Calculate w(3).
-5
Let t(g) be the third derivative of -g**5/30 + g**4/2 - 7*g**3/6 + 10*g**2 - g. What is t(8)?
-39
Let l(c) = 1 - 3*c**2 + 4*c - 6*c - c. Let n(i) = -11*i - 36. Let s be n(-3). Calculate l(s).
-17
Let k(s) = s**3 + 4*s**2 + 4. Let r be k(-4). Let a(q) = -1 + r - 2 + q. Let f be (((-9)/(-12))/(1/(-8)))/((-9)/9). Determine a(f).
7
Let m = 12 - 8. Suppose -5*y + 0*b = b + 7, m*b - 10 = -y. Let r(s) = 2 + 2*s + 0*s - 3 + 2. Determine r(y).
-3
Let m(r) = 2*r**3 - 7*r**2 - 9*r**2 - 4*r**3 - 5*r**2 + 3 + 22*r**2 + 3*r. What is m(-2)?
17
Let d(c) = -c**3 - 2*c**2. Let r(l) = -l**2 - 5*l - 6. Let g = -3 - 1. Let p be r(g). Let k be (-4 + -1)*p/(-5). Determine d(k).
0
Let z(y) = y**3 + 4*y**2 + y. Let x(g) = g**3 + 6*g**2 + 2*g - 1. Let w be x(-5). Suppose 4*l - 24 = 2*m, -4*l + 2 = -w. Give z(m).
-4
Let v(n) = -2*n + 8. Let r(b) = -b**2 + 34*b - 165. Let p be r(6). Determine v(p).
2
Let l be 3/(3 + (-96)/33). Let b = l - 38. Let v(m) = -m**2 - 7*m + 7. Give v(b).
17
Let h(u) be the second derivative of u**5/20 - u**4/4 + u**3/2 - 2*u**2 + 49*u. What is h(4)?
24
Let o(t) be the first derivative of t**4/4 + 8*t**3/3 - 4*t**2 + 6*t - 91. Determine o(-9).
-3
Suppose -35*z - 93 - 292 = 0. Let w(o) = -o**3 - 12*o**2 - 10*o + 24. What is w(z)?
13
Let i(t) = t**2 - 4. Suppose 0 = -2*l - 3 - 1. Let o be (-2 - -2)/(l + 0). Suppose -12*v + 9*v = o. Give i(v).
-4
Let h(v) = 1. Let c(w) = 3*w. Let f(d) = -c(d) - 5*h(d). Suppose -1 = -2*z - 4*x + 3, -3*x - 23 = -5*z. Suppose 5*a + 0 = 4*i - z, 4 = -i. Give f(a).
7
Let i(n) = 8 + 3*n**2 - n + 13 - 2*n - 25 + n**3. Calculate i(-3).
5
Suppose 0 = d + 16*d + 119. 